en 11443 is divided by 276.
127
Calculate the remainder when 1862 is divided by 1667.
195
What is the remainder when 77398 is divided by 43?
41
What is the remainder when 2322 is divided by 717?
171
What is the remainder when 6548 is divided by 3268?
12
What is the remainder when 7812 is divided by 1560?
12
Calculate the remainder when 56027 is divided by 13962.
179
Calculate the remainder when 6467 is divided by 413.
272
Calculate the remainder when 4856 is divided by 174.
158
Calculate the remainder when 48406 is divided by 99.
94
Calculate the remainder when 150897 is divided by 100.
97
Calculate the remainder when 12049 is divided by 1472.
273
Calculate the remainder when 789 is divided by 33.
30
What is the remainder when 15737 is divided by 91?
85
What is the remainder when 249475 is divided by 21?
16
Calculate the remainder when 3660 is divided by 341.
250
What is the remainder when 17178 is divided by 29?
10
What is the remainder when 101456 is divided by 14?
12
Calculate the remainder when 3455 is divided by 995.
470
What is the remainder when 27215 is divided by 1237?
1
Calculate the remainder when 3310 is divided by 51.
46
Calculate the remainder when 4918 is divided by 309.
283
Calculate the remainder when 80391 is divided by 170.
151
What is the remainder when 9211 is divided by 87?
76
What is the remainder when 583290 is divided by 20?
10
What is the remainder when 11986 is divided by 74?
72
Calculate the remainder when 1118 is divided by 369.
11
What is the remainder when 43686 is divided by 514?
510
What is the remainder when 92212 is divided by 127?
10
What is the remainder when 2078 is divided by 32?
30
Calculate the remainder when 27748 is divided by 46.
10
Calculate the remainder when 1061502 is divided by 2123.
2
What is the remainder when 5413 is divided by 360?
13
What is the remainder when 21138 is divided by 37?
11
What is the remainder when 24056 is divided by 960?
56
What is the remainder when 77160 is divided by 87?
78
Calculate the remainder when 146909 is divided by 21.
14
Calculate the remainder when 71061 is divided by 946.
111
Calculate the remainder when 18707 is divided by 37.
22
What is the remainder when 165339 is divided by 11?
9
Calculate the remainder when 340355 is divided by 81.
74
Calculate the remainder when 4271 is divided by 189.
113
What is the remainder when 2603 is divided by 795?
218
What is the remainder when 1142055 is divided by 262?
259
Calculate the remainder when 269651 is divided by 22.
19
Calculate the remainder when 221977 is divided by 3083.
1
Calculate the remainder when 658 is divided by 117.
73
What is the remainder when 2044 is divided by 325?
94
What is the remainder when 2132 is divided by 466?
268
What is the remainder when 19997 is divided by 59?
55
What is the remainder when 103648 is divided by 25?
23
Calculate the remainder when 14037 is divided by 853.
389
What is the remainder when 3300 is divided by 3226?
74
Calculate the remainder when 913 is divided by 51.
46
What is the remainder when 5552 is divided by 572?
404
Calculate the remainder when 5537 is divided by 1104.
17
What is the remainder when 545490 is divided by 2043?
9
What is the remainder when 72007 is divided by 189?
187
Calculate the remainder when 2052 is divided by 437.
304
Calculate the remainder when 2091 is divided by 124.
107
Calculate the remainder when 110059 is divided by 595.
579
What is the remainder when 2302 is divided by 257?
246
Calculate the remainder when 23159 is divided by 120.
119
Calculate the remainder when 13918 is divided by 13422.
496
What is the remainder when 2314 is divided by 2121?
193
What is the remainder when 1210 is divided by 1008?
202
Calculate the remainder when 43554 is divided by 3108.
42
What is the remainder when 478 is divided by 225?
28
What is the remainder when 6880 is divided by 81?
76
What is the remainder when 9835 is divided by 365?
345
What is the remainder when 12984 is divided by 101?
56
Calculate the remainder when 76901 is divided by 34.
27
What is the remainder when 2604 is divided by 211?
72
What is the remainder when 581 is divided by 247?
87
What is the remainder when 19313 is divided by 174?
173
Calculate the remainder when 1035 is divided by 435.
165
Calculate the remainder when 1724 is divided by 1657.
67
What is the remainder when 27205 is divided by 1942?
17
Calculate the remainder when 45036 is divided by 45003.
33
What is the remainder when 1742 is divided by 85?
42
What is the remainder when 133347 is divided by 14?
11
Calculate the remainder when 19446 is divided by 25.
21
Calculate the remainder when 4151 is divided by 62.
59
What is the remainder when 38864 is divided by 12?
8
What is the remainder when 48561 is divided by 1033?
10
What is the remainder when 10866 is divided by 587?
300
What is the remainder when 188799 is divided by 63?
51
Calculate the remainder when 7201 is divided by 868.
257
What is the remainder when 106784 is divided by 22?
18
What is the remainder when 6786 is divided by 460?
346
Calculate the remainder when 2989 is divided by 584.
69
What is the remainder when 509954 is divided by 263?
260
What is the remainder when 770 is divided by 249?
23
What is the remainder when 515194 is divided by 460?
454
What is the remainder when 121787 is divided by 40593?
8
Calculate the remainder when 4542 is divided by 1.
0
What is the remainder when 17619 is divided by 1021?
262
Calculate the remainder when 4777 is divided by 2.
1
Calculate the remainder when 22680 is divided by 169.
34
Calculate the remainder when 102672 is divided by 718.
716
Calculate the remainder when 1558 is divided by 615.
328
What is the remainder when 7953 is divided by 95?
68
What is the remainder when 52922 is divided by 10584?
2
Calculate the remainder when 12330 is divided by 1756.
38
What is the remainder when 1931321 is divided by 52?
41
Calculate the remainder when 243602 is divided by 11600.
2
What is the remainder when 42151 is divided by 22?
21
Calculate the remainder when 34986 is divided by 17490.
6
What is the remainder when 694847 is divided by 2642?
1
What is the remainder when 41886 is divided by 83?
54
What is the remainder when 145 is divided by 1?
0
Calculate the remainder when 3766 is divided by 631.
611
What is the remainder when 983 is divided by 387?
209
What is the remainder when 6005 is divided by 805?
370
What is the remainder when 32781 is divided by 1220?
1061
What is the remainder when 3950 is divided by 317?
146
Calculate the remainder when 60473 is divided by 41.
39
What is the remainder when 16713 is divided by 274?
273
What is the remainder when 27542 is divided by 574?
564
What is the remainder when 7340 is divided by 914?
28
Calculate the remainder when 1723 is divided by 771.
181
Calculate the remainder when 762642 is divided by 28246.
0
Calculate the remainder when 876159 is divided by 907.
904
Calculate the remainder when 110649 is divided by 19.
12
What is the remainder when 11428 is divided by 179?
151
Calculate the remainder when 1763 is divided by 1221.
542
Calculate the remainder when 47509 is divided by 2500.
9
Calculate the remainder when 9287 is divided by 604.
227
Calculate the remainder when 11477 is divided by 132.
125
Calculate the remainder when 43061 is divided by 57.
26
What is the remainder when 51152 is divided by 25562?
28
What is the remainder when 37877 is divided by 82?
75
What is the remainder when 146005 is divided by 452?
9
Calculate the remainder when 3930 is divided by 1121.
567
What is the remainder when 10560 is divided by 2630?
40
What is the remainder when 1736 is divided by 100?
36
What is the remainder when 112270 is divided by 43?
40
Calculate the remainder when 37354 is divided by 155.
154
Calculate the remainder when 10441 is divided by 95.
86
Calculate the remainder when 6194 is divided by 66.
56
Calculate the remainder when 35833 is divided by 247.
18
What is the remainder when 243641 is divided by 241?
231
Calculate the remainder when 5665797 is divided by 71.
68
What is the remainder when 966 is divided by 195?
186
Calculate the remainder when 582896 is divided by 670.
666
Calculate the remainder when 13320 is divided by 28.
20
What is the remainder when 42299 is divided by 670?
